ose -k + 0*k = 3. Let o(m) = -8*m + 5. Let y be o(k). Let n = 49 - y. What is the greatest common divisor of 5 and n?
5
Let j(h) = h**2 + 2. Let f be j(-2). Let z be (4/f)/(((-28)/180)/(-7)). What is the highest common divisor of 15 and z?
15
Suppose 0 = 4*h + 7 - 15. Suppose 2*c - h = -0*c. What is the greatest common divisor of 3 and c?
1
Suppose -3*w + p = 2*w - 26, -3*w = p - 14. Let t be 30 - -1*(w + -3). What is the greatest common factor of 352 and t?
32
Let c be (0 - 4)/(-1) + 2. Let m be (-296)/(-6) - c/18. Calculate the greatest common divisor of 7 and m.
7
Let n be (77/(-33))/((-1)/(-9)). Let k = 138 + n. Calculate the highest common factor of 13 and k.
13
Suppose -37*t + 972 = -19*t. What is the highest common divisor of 78 and t?
6
Let h(p) = -6*p + 2*p**2 + 2*p**3 + 7*p - 2*p. Let z be h(1). Suppose -b + z*j - 2*j + 8 = 0, 3*j = -2*b + 11. What is the highest common divisor of 35 and b?
7
Let f be 0 - (0 - (3 - 2)). Let b(k) = 15*k + 76. Let c be b(-5). What is the highest common divisor of f and c?
1
Suppose -321 = 2*q - 387. Calculate the highest common factor of q and 297.
33
Let o(d) = d**2 + d - 1. Let z be o(1). Let n = -36 - -38. Suppose -3*l - 5*w + 17 = -19, 5*w = n*l + 1. What is the greatest common divisor of l and z?
1
Let b be 29/(-174) + (-361)/(-6). What is the greatest common divisor of 150 and b?
30
Suppose 5*o = 3*t - 14, 0 = -5*t - o - 3*o + 11. Suppose 36*g + 36 = 39*g. Calculate the highest common divisor of g and t.
3
Suppose -80 - 40 = 3*b. Let g = -39 - b. Let y be 9/6*4/3. What is the greatest common divisor of y and g?
1
Let x = -14 + 14. Suppose x = -4*i + 6 + 14. Suppose i*j - 2*r = 18 - 4, 3*j - 4*r - 14 = 0. What is the greatest common divisor of j and 1?
1
Suppose 4*s - 2*z - 136 = -0*s, -4*s = 3*z - 136. Calculate the highest common factor of 306 and s.
34
Let z(r) = -38*r - 34. Let f be z(-2). What is the highest common divisor of f and 56?
14
Let j be (-15)/25 + 309/15. Suppose 0 = -23*u + j*u + 84. Suppose -5*t + 182 = -u. What is the highest common factor of t and 14?
14
Let m(c) = -2*c + 34. Let s be m(0). Suppose 2*h - s = 2. Calculate the greatest common factor of h and 198.
18
Let d = -36 - -283. Calculate the highest common divisor of d and 52.
13
Let f be (8 + (0 - -2))*1. Let y be 6*3/2 - (-50 - -53). Calculate the highest common divisor of f and y.
2
Let i = 29 + -11. Let p(j) = -j**2 + 18*j + 10. Let x be p(i). What is the greatest common divisor of 2 and x?
2
Suppose -2*n = 2*p - 0*p + 700, -n - 4*p = 341. Let y = -233 - n. Let x = -582 + 606. Calculate the highest common factor of x and y.
24
Let r be ((-48)/(-2 - 1))/((-4)/(-16)). Let j = r + -40. What is the greatest common divisor of j and 3?
3
Let m = 21 - -39. Let w = 18 + m. Calculate the greatest common factor of 195 and w.
39
Suppose 4*z - 35 = 57. Let w(l) = 138*l - 184. Let v be w(2). What is the highest common factor of v and z?
23
Let q = 1705 - 1130. Suppose -l + 4*w - 140 = 3*w, -w = 4*l + q. Let a = 223 + l. Calculate the greatest common divisor of 16 and a.
16
Let h = -4 + 10. Let d be (-4)/h*3*-2. Suppose -179 = -5*q + 1. What is the greatest common divisor of q and d?
4
Let u = -217 - -377. Let z be (9/8*-2)/((-12)/u). Suppose 11 + 7 = 3*x. What is the highest common factor of x and z?
6
Let i be ((-9)/12)/((-5)/40). Let m be ((-30)/9)/((-2)/i). Let s = 82 + -42. What is the greatest common factor of m and s?
10
Let b = 34 + -34. Suppose 0 = n + 4*p - 58, b*n + 4*p = 2*n - 176. What is the greatest common divisor of n and 52?
26
Suppose -4*p = -121 + 5. Let v = p - 14. Let b be 36/10 + v/(-25). Calculate the highest common divisor of 6 and b.
3
Let s = -591 + 693. What is the greatest common factor of 34 and s?
34
Suppose -5*s = -6*s - 2. Let y be s - 21*(-8)/(-6). Let h = y - -40. What is the greatest common divisor of 10 and h?
10
Suppose -106 = 4*o + 3*k, 4*k + 27 = -4*o - 81. Let t = o + 105. Calculate the highest common factor of 10 and t.
10
Suppose 5*z = 4*m - 6, 4*z - 12 = -0*z - m. Let w(s) = s**2 - 42*s - 41. Let h be w(43). Calculate the highest common divisor of z and h.
2
Let y = 407 - 391. What is the highest common divisor of y and 496?
16
Let l be (-174)/(-8) + 2/8 + 0. Calculate the highest common divisor of l and 88.
22
Let i(b) = -b. Let y be i(-6). Let q be -2*(-3)/y*41. Suppose -3*h - q = -5*f, -5*h + 13 + 2 = 0. What is the highest common factor of f and 90?
10
Suppose 18 = -19*y + 25*y. What is the highest common factor of y and 189?
3
Suppose f - 243 = 5*l, -5 = -4*l + 3. What is the highest common divisor of f and 11?
11
Let g(k) = -51*k + 460. Let z be g(9). Let c = 0 + -1. Let v be (-2 - 19)*c/3. What is the highest common divisor of z and v?
1
Let h = -51 - -54. Suppose 5*n - h*f = 104, 4*n - f - 19 = 67. Calculate the highest common factor of 176 and n.
22
Suppose -2*d = -3*d + 4*v + 80, 3*v = 3*d - 195. Suppose 26*z = 23*z - d. Let c be (-30)/(-20)*z/(-6). Calculate the highest common divisor of 40 and c.
5
Suppose 6*y = 8*y - 5*r - 132, 4*y - 236 = 3*r. Calculate the greatest common factor of 812 and y.
28
Suppose 5*i + 142 = -83. Let j = -30 - i. What is the highest common factor of j and 6?
3
Suppose 4*p = 5 + 31. Let j = p - -12. Suppose 135 = 4*o - j. Calculate the greatest common divisor of 13 and o.
13
Let k(m) = m - 15. Let d be k(11). Let p be ((-10)/d)/(2/12). Let c(x) = 10*x**2 + 2*x + 1. Let y be c(2). What is the greatest common factor of y and p?
15
Suppose -20 = -w - 0*w. Let k = w + -19. What is the highest common factor of 5 and k?
1
Suppose -2*g - 24 = -0*g. Let n be 1/6 - 46/g. Suppose n*l + y = 32, 2*l - 6 = -0*l + 2*y. What is the highest common divisor of l and 1?
1
Let k be (-51)/(-36)*-3*(-4 + 0). What is the greatest common divisor of k and 4?
1
Let b be 0 + 10 - 6/2. Suppose 19 = 3*y + b. Suppose 4*m = -c + 140, -2*m + 156 = 2*m - 3*c. What is the greatest common factor of m and y?
4
Let g(c) = -11*c + 8. Let v be g(-8). Let r be v/7 + 24/84. Suppose 0 = -w - 5*b + 34, -2*w = 2*w - 3*b - 44. Calculate the greatest common divisor of w and r.
14
Let x = 293 + -140. Calculate the highest common factor of x and 18.
9
Let z be 25/425 + (-1111)/(-187). Let q(c) = -c**3 + 4*c**2 + 3. Let m be q(3). Calculate the greatest common divisor of z and m.
6
Let r = -91 - -111. Suppose 0 = 18*l - r*l + 248. What is the highest common factor of l and 31?
31
Let t = 244 + -238. Let z be 24*(2 + (-10)/8). What is the greatest common factor of z and t?
6
Let u = 33 + -12. Let m be (-2800)/(-944) + 10/295. What is the highest common divisor of u and m?
3
Let t(w) = -7*w + 7. Let j be t(-5). Let s = 3 + -5. Let q be s/7 + (-1000)/(-70). What is the highest common factor of q and j?
14
Let t = 3024 - 2049. Calculate the highest common factor of t and 39.
39
Suppose -5*w - 338 - 127 = 0. Let t be w/(-4) - (-3)/(-12). Suppose -36*g - 184 = -37*g. What is the highest common divisor of t and g?
23
Let a(c) = 0*c**2 - 9*c - 4*c - c**2 - 44 + 23. Let b be a(-7). Calculate the greatest common factor of 63 and b.
21
Suppose -2*g = -4*x + 3*g + 245, 2*x + 4*g = 142. Suppose -18 = -2*y + 34. Calculate the highest common factor of x and y.
13
Suppose 0 = -5*c + 64 + 56. Let y be (-5)/40 + 17/8. Suppose -4*z + y*x + 22 = 0, 2*z - 5*x - 31 + 0 = 0. What is the highest common factor of z and c?
3
Let q = -13 + 15. Suppose l = q*l - 15. Let y = -8 - -14. Calculate the highest common divisor of l and y.
3
Let q be (-11628)/(-66) + (-8)/44. Calculate the highest common factor of 11 and q.
11
Let u(s) = 38*s - 107. Let q be u(6). What is the highest common divisor of q and 22?
11
Suppose -5*c = -20, -4*d + 5*c = c + 120. Let b = 62 + d. Calculate the highest common factor of b and 18.
18
Suppose -3 = -t + 4*v - 4, -4*t + 9 = -3*v. What is the highest common factor of t and 25?
1
Suppose 4*a + 24*h = 19*h + 228, -104 = -2*a - 5*h. Calculate the highest common factor of 217 and a.
31
Let l = 46 - -210. What is the highest common divisor of l and 16?
16
Suppose 11*j = 4*j + 154. Suppose 3377 + 491 = 4*z. Suppose 3*o + o = -r + z, -2*o = 5*r - 479. What is the highest common divisor of o and j?
22
Let n = 161 + -89. Let a be (18/15)/((-5)/(-200)). Let w be ((-36)/(-16))/(6/a). What is the highest com